{"id":16,"date":"2024-03-04T20:50:30","date_gmt":"2024-03-04T20:50:30","guid":{"rendered":"http:\/\/roeda.local\/?page_id=16"},"modified":"2024-06-03T16:07:20","modified_gmt":"2024-06-03T21:07:20","slug":"nosotros","status":"publish","type":"page","link":"https:\/\/www.roeda.com.pe\/?page_id=16","title":{"rendered":"Nosotros"},"content":{"rendered":"\n<div class=\"wp-block-cover alignfull\" style=\"padding-top:0;padding-right:0;padding-bottom:0;padding-left:0;min-height:220px;aspect-ratio:unset;\"><span aria-hidden=\"true\" class=\"wp-block-cover__background has-background-dim-0 has-background-dim\" style=\"background-color:#292929\"><\/span><img loading=\"lazy\" decoding=\"async\" width=\"1600\" height=\"563\" class=\"wp-block-cover__image-background wp-image-1064\" alt=\"\" src=\"https:\/\/www.roeda.com.pe\/wp-content\/uploads\/2024\/06\/SlideD.jpg\" data-object-fit=\"cover\" srcset=\"https:\/\/www.roeda.com.pe\/wp-content\/uploads\/2024\/06\/SlideD.jpg 1600w, https:\/\/www.roeda.com.pe\/wp-content\/uploads\/2024\/06\/SlideD-300x106.jpg 300w, https:\/\/www.roeda.com.pe\/wp-content\/uploads\/2024\/06\/SlideD-1024x360.jpg 1024w, https:\/\/www.roeda.com.pe\/wp-content\/uploads\/2024\/06\/SlideD-768x270.jpg 768w, https:\/\/www.roeda.com.pe\/wp-content\/uploads\/2024\/06\/SlideD-1536x540.jpg 1536w\" sizes=\"auto, (max-width: 1600px) 100vw, 1600px\" \/><div class=\"wp-block-cover__inner-container has-global-padding is-layout-constrained wp-container-core-cover-is-layout-c3d0faaf wp-block-cover-is-layout-constrained\">\n<div class=\"wp-block-columns alignwide is-layout-flex wp-container-core-columns-is-layout-28f84493 wp-block-columns-is-layout-flex\">\n<div class=\"wp-block-column is-layout-flow wp-block-column-is-layout-flow\">\n<div class=\"wp-block-group alignwide is-layout-flow wp-block-group-is-layout-flow\">\n<div class=\"wp-block-stackable-heading stk-block-heading stk-block-heading--v2 stk-block stk-631971c\" id=\"br-br-br-nuestra-empresa\" data-block-id=\"631971c\"><style>.stk-631971c{align-items:center !important;display:flex !important}.stk-631971c .stk-block-heading__text{font-size:43px !important;color:#FFFFFF !important;line-height:1.1em !important;font-weight:700 !important;font-family:\"Montserrat\",Sans-serif !important}@media screen and (max-width:1023px){.stk-631971c .stk-block-heading__text{font-size:43px !important}}<\/style><h2 class=\"stk-block-heading__text has-text-color has-white-color\"><br><br><br>Nuestra Empresa<\/h2><\/div>\n<\/div>\n<\/div>\n<\/div>\n<\/div><\/div>\n\n\n\n<div style=\"height:8px\" aria-hidden=\"true\" class=\"wp-block-spacer\"><\/div>\n\n\n\n<div class=\"wp-block-stackable-columns alignwide stk-block-columns stk-block stk-036fe8e\" data-block-id=\"036fe8e\"><div class=\"stk-row stk-inner-blocks stk-block-content stk-content-align stk-036fe8e-column alignwide\">\n<div class=\"wp-block-stackable-column stk-block-column stk-column stk-block stk-6a7274b\" data-v=\"4\" data-block-id=\"6a7274b\"><style>.stk-6a7274b{margin-right:53px !important}@media screen and (min-width:768px){.stk-6a7274b{flex:var(--stk-flex-grow,1) 1 calc(66.667% - var(--stk-column-gap,0px) * 1 \/ 2 ) !important}}<\/style><div class=\"stk-column-wrapper stk-block-column__content stk-container stk-6a7274b-container stk--no-background stk--no-padding\"><div class=\"stk-block-content stk-inner-blocks stk-6a7274b-inner-blocks\">\n<div class=\"wp-block-stackable-text stk-block-text stk-block stk-0ac76e2\" data-block-id=\"0ac76e2\"><style>.stk-0ac76e2 .stk-block-text__text{font-size:17px !important;color:#636363 !important;line-height:1.6em !important}@media screen and (max-width:1023px){.stk-0ac76e2 .stk-block-text__text{font-size:17px !important}}<\/style><p class=\"stk-block-text__text has-text-color\"><strong>ROEDA <\/strong>fue fundada el 9 de Setiembre de 1980 por el Ing. B\u00e9la D\u00e1vid Varanka, con el fin de suministrar rodamientos y brindar soluciones t\u00e9cnicas de alto nivel a los diferentes sectores industriales del pa\u00eds.<br>A lo largo de 44 a\u00f1os, ROEDA S.A. ha ido incorporando nuevas l\u00edneas de productos y servicios que derivaron en la formaci\u00f3n de cinco divisiones, cada una dotada de personal y equipos que le permiten, de cara al futuro, atender el mercado de acuerdo a los mas altos est\u00e1ndares internacionales.<br><br><strong>VALORES Y PRINCIPIOS<\/strong><br>Cultivamos la puntualidad, la honestidad, la responsabilidad y el compromiso en cada uno de nuestros actos dentro y fuera de la empresa. Siempre en busca de nuevos conocimientos y productos que ayuden a nuestros clientes al logro de sus objetivos cuidando y protegiendo siempre el medio ambiente.<br><br><strong>Integridad:<\/strong> Siempre cumplimos nuestra palabra.<br><strong>Trabajo en Equipo: <\/strong>En equipo generamos m\u00e1s valor para nuestros clientes.<br><strong>Calidad:<\/strong> Nos esforzamos por satisfacer a nuestros clientes internos y externos, as\u00ed como mejorar continuamente nuestros procesos.<\/p><\/div>\n<\/div><\/div><\/div>\n\n\n\n<div class=\"wp-block-stackable-column stk-block-column stk-column stk-block stk-e35fc39 stk-block-background\" data-v=\"4\" data-block-id=\"e35fc39\"><style>.stk-e35fc39{background-color:#6b6b6b !important;padding-top:7px !important;padding-right:7px !important;padding-bottom:7px !important;padding-left:7px !important}.stk-e35fc39:before{background-color:#6b6b6b !important}@media screen and (min-width:768px){.stk-e35fc39{flex:var(--stk-flex-grow,1) 1 calc(33.333% - var(--stk-column-gap,0px) * 1 \/ 2 ) !important}}<\/style><div class=\"stk-column-wrapper stk-block-column__content stk-container stk-e35fc39-container stk--no-background stk--no-padding\"><div class=\"stk-block-content stk-inner-blocks stk-e35fc39-inner-blocks\">\n<div class=\"wp-block-stackable-text stk-block-text stk-block stk-9980a7c stk-block-background\" data-block-id=\"9980a7c\"><style>.stk-9980a7c{background-color:#921919 !important;padding-top:7px !important;padding-right:7px !important;padding-bottom:7px !important;padding-left:7px !important;margin-bottom:0px !important}.stk-9980a7c:before{background-color:#921919 !important}.stk-9980a7c .stk-block-text__text{font-size:19px !important}@media screen and (max-width:1023px){.stk-9980a7c .stk-block-text__text{font-size:19px !important}}<\/style><p class=\"stk-block-text__text\"><strong>NUESTRA VISI\u00d3N<\/strong><\/p><\/div>\n\n\n\n<div class=\"wp-block-stackable-text stk-block-text stk-block stk-d652083 stk-block-background\" data-block-id=\"d652083\"><style>.stk-d652083{background-color:#636363 !important;padding-top:10px !important;padding-right:10px !important;padding-bottom:10px !important;padding-left:10px !important;margin-bottom:-11px !important}.stk-d652083:before{background-color:#636363 !important}.stk-d652083 .stk-block-text__text{line-height:1.5em !important;font-weight:400 !important;font-family:\"Montserrat\",Sans-serif !important}<\/style><p class=\"stk-block-text__text\">Ser una empresa de ingenier\u00eda, comercio y de servicios moderna y eficiente, reconocida a nivel nacional e internacional por agregar valor a la gesti\u00f3n de sus clientes, rentable para sus accionistas y considerada por sus empleados como el veh\u00edculo de su \u00e9xito profesional y personal.<\/p><\/div>\n\n\n\n<div class=\"wp-block-stackable-text stk-block-text stk-block stk-b1dbab8 stk-block-background\" data-block-id=\"b1dbab8\"><style>.stk-b1dbab8{background-color:#921919 !important;padding-top:7px !important;padding-right:7px !important;padding-bottom:7px !important;padding-left:7px !important;margin-top:45px !important;margin-bottom:0px !important}.stk-b1dbab8:before{background-color:#921919 !important}.stk-b1dbab8 .stk-block-text__text{font-size:19px !important}@media screen and (max-width:1023px){.stk-b1dbab8 .stk-block-text__text{font-size:19px !important}}<\/style><p class=\"stk-block-text__text\"><strong>NUESTRA MISI\u00d3N<\/strong><\/p><\/div>\n\n\n\n<div class=\"wp-block-stackable-text stk-block-text stk-block stk-6981d5d stk-block-background\" data-block-id=\"6981d5d\"><style>.stk-6981d5d{background-color:#636363 !important;padding-top:10px !important;padding-right:10px !important;padding-bottom:10px !important;padding-left:10px !important;margin-bottom:-11px !important}.stk-6981d5d:before{background-color:#636363 !important}.stk-6981d5d .stk-block-text__text{line-height:1.5em !important;font-weight:400 !important;font-family:\"Montserrat\",Sans-serif !important}<\/style><p class=\"stk-block-text__text\">Integrarnos en la cadena de valor de nuestros clientes, brind\u00e1ndoles asesor\u00eda, productos y servicios de calidad con el objetivo de que su \u00e9xito sea la base del nuestro<\/p><\/div>\n<\/div><\/div><\/div>\n<\/div><\/div>\n\n\n\n<div style=\"height:70px\" aria-hidden=\"true\" class=\"wp-block-spacer\"><\/div>\n","protected":false},"excerpt":{"rendered":"<p>ROEDA fue fundada el 9 de Setiembre de 1980 por el Ing. B\u00e9la D\u00e1vid Varanka, con el fin de suministrar rodamientos y brindar soluciones t\u00e9cnicas de alto nivel a los diferentes sectores industriales del pa\u00eds.A lo largo de 44 a\u00f1os, ROEDA S.A. ha ido incorporando nuevas l\u00edneas de productos y servicios que derivaron en la [&hellip;]<\/p>\n","protected":false},"author":1,"featured_media":0,"parent":0,"menu_order":0,"comment_status":"closed","ping_status":"closed","template":"page-no-title","meta":{"_joinchat":[],"footnotes":""},"class_list":["post-16","page","type-page","status-publish","hentry"],"jetpack_sharing_enabled":true,"_links":{"self":[{"href":"https:\/\/www.roeda.com.pe\/index.php?rest_route=\/wp\/v2\/pages\/16","targetHints":{"allow":["GET"]}}],"collection":[{"href":"https:\/\/www.roeda.com.pe\/index.php?rest_route=\/wp\/v2\/pages"}],"about":[{"href":"https:\/\/www.roeda.com.pe\/index.php?rest_route=\/wp\/v2\/types\/page"}],"author":[{"embeddable":true,"href":"https:\/\/www.roeda.com.pe\/index.php?rest_route=\/wp\/v2\/users\/1"}],"replies":[{"embeddable":true,"href":"https:\/\/www.roeda.com.pe\/index.php?rest_route=%2Fwp%2Fv2%2Fcomments&post=16"}],"version-history":[{"count":52,"href":"https:\/\/www.roeda.com.pe\/index.php?rest_route=\/wp\/v2\/pages\/16\/revisions"}],"predecessor-version":[{"id":1087,"href":"https:\/\/www.roeda.com.pe\/index.php?rest_route=\/wp\/v2\/pages\/16\/revisions\/1087"}],"wp:attachment":[{"href":"https:\/\/www.roeda.com.pe\/index.php?rest_route=%2Fwp%2Fv2%2Fmedia&parent=16"}],"curies":[{"name":"wp","href":"https:\/\/api.w.org\/{rel}","templated":true}]}}